{"id":2453,"date":"2025-11-06T11:28:54","date_gmt":"2025-11-06T14:28:54","guid":{"rendered":"https:\/\/plataformaprojetos.site\/loja1wagner\/?post_type=product&#038;p=2453"},"modified":"2025-12-15T13:30:27","modified_gmt":"2025-12-15T16:30:27","slug":"ferro-de-passar-a-seco-e-vapor-electrolux-efficient-esi10-base-antiaderente-azul-110v","status":"publish","type":"product","link":"https:\/\/plataformaprojetos.site\/loja1wagner\/produto\/ferro-de-passar-a-seco-e-vapor-electrolux-efficient-esi10-base-antiaderente-azul-110v\/","title":{"rendered":"Ferro de Passar a Seco e Vapor Electrolux Efficient ESI10 Base Antiaderente Azul &#8211; 110V"},"content":{"rendered":"<div id=\"product-special-content-partner\" data-testid=\"product-special-content\">\n<div class=\"css-1n35da2\" data-component=\"special-content\" data-version=\"1.0.1-2\">\n<div class=\"css-1wb3f7s\">\n<div class=\"css-gbwsnk\"><img decoding=\"async\" src=\"https:\/\/imgs.via.com.br\/special-contents\/e0c3949f-d239-4905-817b-951aa32bc344\/54c3c53f-7a98-4fb6-a15b-5008fc9a743a.jpg\" alt=\"Ferro a Vapor Electrolux Efficient ESI10 Azul\" \/><\/div>\n<div class=\"css-gbwsnk\"><img decoding=\"async\" src=\"https:\/\/imgs.via.com.br\/special-contents\/e0c3949f-d239-4905-817b-951aa32bc344\/8d9c66b3-0dee-4e90-8d73-ed426fcd24cb.jpg\" alt=\"Ferro a Vapor Electrolux Efficient ESI10 Azul\" \/><\/div>\n<div class=\"css-gbwsnk\"><img decoding=\"async\" src=\"https:\/\/imgs.via.com.br\/special-contents\/e0c3949f-d239-4905-817b-951aa32bc344\/21d8ad9e-2c51-4ba8-bdf4-8570a7c13296.jpg\" alt=\"Ferro a Vapor Electrolux Efficient ESI10 Azul\" \/><\/div>\n<div class=\"css-gbwsnk\"><img decoding=\"async\" src=\"https:\/\/imgs.via.com.br\/special-contents\/e0c3949f-d239-4905-817b-951aa32bc344\/64ee8389-c5ad-4b84-bbf1-7e82fc2681cb.jpg\" alt=\"Ferro a Vapor Electrolux Efficient ESI10 Azul\" \/><\/div>\n<div class=\"css-gbwsnk\"><img decoding=\"async\" src=\"https:\/\/imgs.via.com.br\/special-contents\/e0c3949f-d239-4905-817b-951aa32bc344\/2eaa98d3-d4c3-4df8-ad66-633d2d76ddce.jpg\" alt=\"Ferro a Vapor Electrolux Efficient ESI10 Azul\" \/><\/div>\n<div class=\"css-gbwsnk\"><img decoding=\"async\" src=\"https:\/\/imgs.via.com.br\/special-contents\/e0c3949f-d239-4905-817b-951aa32bc344\/1503373c-0bf3-48f5-af8a-d917971b53fa.jpg\" alt=\"Ferro a Vapor Electrolux Efficient ESI10 Azul\" \/><\/div>\n<div class=\"css-gbwsnk\"><img decoding=\"async\" src=\"https:\/\/imgs.via.com.br\/special-contents\/e0c3949f-d239-4905-817b-951aa32bc344\/5a971a74-348e-42c9-9223-b5c6e2377787.jpg\" alt=\"Ferro a Vapor Electrolux Efficient ESI10 Azul\" \/><\/div>\n<\/div>\n<\/div>\n<\/div>\n<div>\n<div id=\"product-description\">\n<p><strong>Tenha roupas impec\u00e1veis com o Ferro de Passar a Vapor e a Seco ESI10 Electrolux<\/strong>. Com base antiaderente, este ferro moderno garante que suas pe\u00e7as fiquem lisas e bem cuidadas, sem danificar os tecidos.<\/p>\n<p><strong>Desamasse com facilidade usando o vapor vertical<\/strong>, ideal para passar roupas diretamente no cabide. A fun\u00e7\u00e3o vapor extra proporciona um acabamento superior, melhorando o caimento e eliminando rugas com efici\u00eancia.<\/p>\n<p><strong>Conte tamb\u00e9m com a fun\u00e7\u00e3o spray<\/strong>, que facilita ainda mais o processo de passar, removendo vincos e marcas com precis\u00e3o.<\/p>\n<p><strong>Praticidade no dia a dia<\/strong>: o reservat\u00f3rio transparente de 200ml permite abastecimento r\u00e1pido e f\u00e1cil. Basta abrir a tampa, encher com \u00e1gua e come\u00e7ar a usar.<\/p>\n<p><strong>Versatilidade total<\/strong>: use no modo seco para engomar suas pe\u00e7as e aproveite a luz piloto que indica o momento ideal para iniciar a tarefa.<\/p>\n<p><strong>O Ferro de Passar ESI10 Electrolux \u00e9 a escolha perfeita<\/strong>\u00a0para quem busca efici\u00eancia, praticidade e cuidado com as roupas. Garanta j\u00e1 o seu!<\/p>\n<\/div>\n<\/div>\n","protected":false},"excerpt":{"rendered":"<p>Tenha roupas impec\u00e1veis com o Ferro de Passar a Vapor e a Seco ESI10 Electrolux. Com base antiaderente, este ferro moderno garante que suas pe\u00e7as fiquem lisas e bem cuidadas, sem danificar os tecidos. Desamasse com facilidade usando o vapor vertical, ideal para passar roupas diretamente no cabide. A fun\u00e7\u00e3o vapor extra proporciona um acabamento [&hellip;]<\/p>\n","protected":false},"featured_media":2461,"comment_status":"open","ping_status":"closed","template":"","meta":[],"product_brand":[],"product_cat":[72,79],"product_tag":[],"class_list":{"0":"post-2453","1":"product","2":"type-product","3":"status-publish","4":"has-post-thumbnail","6":"product_cat-eletroportateis","7":"product_cat-utilidades-domestica","9":"first","10":"instock","11":"shipping-taxable","12":"purchasable","13":"product-type-simple"},"_links":{"self":[{"href":"https:\/\/plataformaprojetos.site\/loja1wagner\/wp-json\/wp\/v2\/product\/2453","targetHints":{"allow":["GET"]}}],"collection":[{"href":"https:\/\/plataformaprojetos.site\/loja1wagner\/wp-json\/wp\/v2\/product"}],"about":[{"href":"https:\/\/plataformaprojetos.site\/loja1wagner\/wp-json\/wp\/v2\/types\/product"}],"replies":[{"embeddable":true,"href":"https:\/\/plataformaprojetos.site\/loja1wagner\/wp-json\/wp\/v2\/comments?post=2453"}],"wp:featuredmedia":[{"embeddable":true,"href":"https:\/\/plataformaprojetos.site\/loja1wagner\/wp-json\/wp\/v2\/media\/2461"}],"wp:attachment":[{"href":"https:\/\/plataformaprojetos.site\/loja1wagner\/wp-json\/wp\/v2\/media?parent=2453"}],"wp:term":[{"taxonomy":"product_brand","embeddable":true,"href":"https:\/\/plataformaprojetos.site\/loja1wagner\/wp-json\/wp\/v2\/product_brand?post=2453"},{"taxonomy":"product_cat","embeddable":true,"href":"https:\/\/plataformaprojetos.site\/loja1wagner\/wp-json\/wp\/v2\/product_cat?post=2453"},{"taxonomy":"product_tag","embeddable":true,"href":"https:\/\/plataformaprojetos.site\/loja1wagner\/wp-json\/wp\/v2\/product_tag?post=2453"}],"curies":[{"name":"wp","href":"https:\/\/api.w.org\/{rel}","templated":true}]}}