{"id":2532,"date":"2025-11-06T12:32:35","date_gmt":"2025-11-06T15:32:35","guid":{"rendered":"https:\/\/plataformaprojetos.site\/loja1wagner\/?post_type=product&#038;p=2532"},"modified":"2025-11-06T12:32:35","modified_gmt":"2025-11-06T15:32:35","slug":"cafeteira-eletrica-arno-perfectta-inox-cfpi-12-xicaras-preta-110v","status":"publish","type":"product","link":"https:\/\/plataformaprojetos.site\/loja1wagner\/produto\/cafeteira-eletrica-arno-perfectta-inox-cfpi-12-xicaras-preta-110v\/","title":{"rendered":"Cafeteira El\u00e9trica Arno Perfectta Inox CFPI 12 X\u00edcaras &#8211; Preta &#8211; 110V"},"content":{"rendered":"<p>imagem frontal frente Cafeteira El\u00e9trica Arno Perfectta CFPI preta cinza mesa bancada madeira marrom fundo pote branco transparente utens\u00edlios dom\u00e9sticos planta verde garrafas brancas<br \/>\nCafeteira El\u00e9trica Arno Perfectta<\/p>\n<p>Caf\u00e9 fresquinho quando quiser com a Cafeteira El\u00e9trica Arno Perfectta CFPI. Ela \u00e9 muito pr\u00e1tica e, al\u00e9m de poder fazer at\u00e9 12 x\u00edcaras de caf\u00e9, tamb\u00e9m possui tamanho compacto e design moderno. Esse modelo \u00e9 perfeito para usar em escrit\u00f3rios, consult\u00f3rios e, claro, tamb\u00e9m em casa, para servir amigos e familiares.<\/p>\n<p>m\u00e3os masculinas homem rel\u00f3gio anal\u00f3gico ponteiros pulso marrom preto camisa jeans azul x\u00edcara branca caf\u00e9 preto pires branco notebook cinza prata teclas pretas bot\u00f5es pretos vaso planta verde mesa bancada madeira r\u00fastica<br \/>\nPraticidade<\/p>\n<p>A Arno Perfectta tem filtro permanente, que dispensa a necessidade do uso do filtro de papel. Outra praticidade da cafeteira \u00e9 o sistema que corta as gotas na hora de retirar a jarra para servir. Assim, al\u00e9m de evitar sujeira, voc\u00ea vai saborear a bebida com muito mais tranquilidade.<\/p>\n<p>cafeteira Arno preta cinza prata destaque zoom filtro x\u00edcara branca caf\u00e9 preto pires branco bolacha doce bolachas colher pequena guardanapo bege<br \/>\nPrepara at\u00e9 12 x\u00edcaras<\/p>\n<p>A qualidade e a resist\u00eancia fazem parte dessa cafeteira. Os destaques s\u00e3o o design em inox, que tamb\u00e9m garante a beleza do eletroport\u00e1til, e a jarra de vidro, com capacidade para 600ml, permitindo o preparo de at\u00e9 12 x\u00edcaras. O marcador de n\u00edvel na jarra ajuda a preparar a quantidade desejada por voc\u00ea.<\/p>\n<p>todos os dias aquele delicioso e cheiroso cafezinho imagem frontal frente mulher preta negra morena olhos fechados x\u00edcara branca m\u00e3os unhas decoradas blusa branca preta<br \/>\nPreparo Simples e pr\u00e1tico<br \/>\nDesfrute de uma deliciosa x\u00edcara de caf\u00e9 quente com a Cafeteira El\u00e9trica Arno Perfectta Inox CFPI. Projetada para eliminar complica\u00e7\u00f5es desnecess\u00e1rias, esta cafeteira torna o preparo do seu caf\u00e9 favorito r\u00e1pido e f\u00e1cil. Com um tanque de \u00e1gua f\u00e1cil de encher, uma jarra de vidro resistente, e um sistema corta-pingos, voc\u00ea pode aproveitar o melhor caf\u00e9 sem esfor\u00e7o.<\/p>\n<p>Capacidade e conveni\u00eancia<br \/>\nA Arno Perfectta Inox CFPI \u00e9 capaz de preparar at\u00e9 12 x\u00edcaras de caf\u00e9, o que corresponde a 600 ml, ideal para compartilhar ou para m\u00faltiplas doses ao longo do dia. Al\u00e9m disso, ela possui um filtro permanente, que dispensa o uso de filtros de papel, tornando o processo ainda mais pr\u00e1tico e econ\u00f4mico. Acompanha tamb\u00e9m uma colher dosadora, para que voc\u00ea sempre acerte na medida ideal, seja para um caf\u00e9 fraco, m\u00e9dio ou forte.<\/p>\n<p>Funcionalidade e versatilidade<br \/>\nA jarra de vidro vem com indica\u00e7\u00e3o de n\u00edvel de \u00e1gua, facilitando o monitoramento durante o preparo. Caso voc\u00ea n\u00e3o queira esperar o caf\u00e9 terminar de passar, o sistema corta-pingos permite servir o caf\u00e9 a qualquer momento, sem preocupa\u00e7\u00f5es com respingos ou sujeira.<\/p>\n<p>Design Compacto e moderno<br \/>\nCom um design moderno e detalhes em a\u00e7o inoxid\u00e1vel, a Arno Perfectta Inox CFPI se destaca em qualquer ambiente. Seu tamanho compacto \u00e9 perfeito para cozinhas de diferentes tamanhos, al\u00e9m de ser uma excelente op\u00e7\u00e3o para escrit\u00f3rios, consult\u00f3rios, e muito mais. Aproveite suas pausas para o caf\u00e9 com estilo e praticidade, come\u00e7ando seus dias com muito mais sabor.<\/p>\n","protected":false},"excerpt":{"rendered":"<p>imagem frontal frente Cafeteira El\u00e9trica Arno Perfectta CFPI preta cinza mesa bancada madeira marrom fundo pote branco transparente utens\u00edlios dom\u00e9sticos planta verde garrafas brancas Cafeteira El\u00e9trica Arno Perfectta Caf\u00e9 fresquinho quando quiser com a Cafeteira El\u00e9trica Arno Perfectta CFPI. Ela \u00e9 muito pr\u00e1tica e, al\u00e9m de poder fazer at\u00e9 12 x\u00edcaras de caf\u00e9, tamb\u00e9m possui [&hellip;]<\/p>\n","protected":false},"featured_media":2537,"comment_status":"open","ping_status":"closed","template":"","meta":[],"product_brand":[],"product_cat":[72,79],"product_tag":[],"class_list":{"0":"post-2532","1":"product","2":"type-product","3":"status-publish","4":"has-post-thumbnail","6":"product_cat-eletroportateis","7":"product_cat-utilidades-domestica","9":"first","10":"instock","11":"shipping-taxable","12":"purchasable","13":"product-type-simple"},"_links":{"self":[{"href":"https:\/\/plataformaprojetos.site\/loja1wagner\/wp-json\/wp\/v2\/product\/2532","targetHints":{"allow":["GET"]}}],"collection":[{"href":"https:\/\/plataformaprojetos.site\/loja1wagner\/wp-json\/wp\/v2\/product"}],"about":[{"href":"https:\/\/plataformaprojetos.site\/loja1wagner\/wp-json\/wp\/v2\/types\/product"}],"replies":[{"embeddable":true,"href":"https:\/\/plataformaprojetos.site\/loja1wagner\/wp-json\/wp\/v2\/comments?post=2532"}],"wp:featuredmedia":[{"embeddable":true,"href":"https:\/\/plataformaprojetos.site\/loja1wagner\/wp-json\/wp\/v2\/media\/2537"}],"wp:attachment":[{"href":"https:\/\/plataformaprojetos.site\/loja1wagner\/wp-json\/wp\/v2\/media?parent=2532"}],"wp:term":[{"taxonomy":"product_brand","embeddable":true,"href":"https:\/\/plataformaprojetos.site\/loja1wagner\/wp-json\/wp\/v2\/product_brand?post=2532"},{"taxonomy":"product_cat","embeddable":true,"href":"https:\/\/plataformaprojetos.site\/loja1wagner\/wp-json\/wp\/v2\/product_cat?post=2532"},{"taxonomy":"product_tag","embeddable":true,"href":"https:\/\/plataformaprojetos.site\/loja1wagner\/wp-json\/wp\/v2\/product_tag?post=2532"}],"curies":[{"name":"wp","href":"https:\/\/api.w.org\/{rel}","templated":true}]}}