{"id":2548,"date":"2025-11-06T12:50:50","date_gmt":"2025-11-06T15:50:50","guid":{"rendered":"https:\/\/plataformaprojetos.site\/loja1wagner\/?post_type=product&#038;p=2548"},"modified":"2025-11-06T12:50:50","modified_gmt":"2025-11-06T15:50:50","slug":"lavadora-de-alta-pressao-electrolux-easywash-1650psi-1400w-110v","status":"publish","type":"product","link":"https:\/\/plataformaprojetos.site\/loja1wagner\/produto\/lavadora-de-alta-pressao-electrolux-easywash-1650psi-1400w-110v\/","title":{"rendered":"Lavadora de Alta Press\u00e3o Electrolux EasyWash 1650PSI 1400W &#8211; 110V"},"content":{"rendered":"<div id=\"product-special-content-partner\" data-testid=\"product-special-content\">\n<div class=\"css-1n35da2\" data-component=\"special-content\" data-version=\"1.0.1-2\">\n<div class=\"css-1wb3f7s\">\n<div class=\"css-gbwsnk\"><img decoding=\"async\" src=\"https:\/\/imgs.via.com.br\/special-contents\/34b4a00a-98ec-493d-98fd-fac100531828\/b0b2245c-bb96-43ef-a5a6-3fe0c5bd8549.jpg\" alt=\"Economia de at\u00e9 80% de \u00e1gua: Muito mais sustent\u00e1vel e econ\u00f4mica que uma mangueira comum.\" \/><\/div>\n<div class=\"css-gbwsnk\"><img decoding=\"async\" src=\"https:\/\/imgs.via.com.br\/special-contents\/34b4a00a-98ec-493d-98fd-fac100531828\/e29ad17d-6992-4928-a18c-f7b0f92a7eac.jpg\" alt=\"Design leve e compacto: F\u00e1cil de transportar, usar e guardar em qualquer espa\u00e7o.\" \/><\/div>\n<div class=\"css-gbwsnk\"><img decoding=\"async\" src=\"https:\/\/imgs.via.com.br\/special-contents\/34b4a00a-98ec-493d-98fd-fac100531828\/d89e1e8d-391a-4263-b40f-a3b49a01f997.jpg\" alt=\"Engate r\u00e1pido da mangueira: Agilidade na montagem e mais praticidade no uso.\" \/><\/div>\n<div class=\"css-gbwsnk\"><img decoding=\"async\" src=\"https:\/\/imgs.via.com.br\/special-contents\/34b4a00a-98ec-493d-98fd-fac100531828\/088c5047-eca3-4a33-a52d-c5f4ca9f55ff.jpg\" alt=\"Bico com jato ajust\u00e1vel: Regule o tipo de jato de acordo com a sujeira e superf\u00edcie.\" \/><\/div>\n<div class=\"css-gbwsnk\"><img decoding=\"async\" src=\"https:\/\/imgs.via.com.br\/special-contents\/34b4a00a-98ec-493d-98fd-fac100531828\/e132be21-bdd6-45c2-aae1-b94157b97567.jpg\" alt=\"Pot\u00eancia de 1400W e press\u00e3o de 1650 PSI: Remove sujeiras moderadas com efici\u00eancia e rapidez. Ideal para limpezas do dia a dia: Perfeita para carros, bicicletas, cal\u00e7adas, quintais e m\u00f3veis externos.\" \/><\/div>\n<div class=\"css-gbwsnk\"><img decoding=\"async\" src=\"https:\/\/imgs.via.com.br\/special-contents\/34b4a00a-98ec-493d-98fd-fac100531828\/33d78425-94a1-474d-8918-5cbf096d10cb.jpg\" alt=\"Mangueira de alta press\u00e3o com 3 metros: Alcance ideal para limpezas dom\u00e9sticas.\" \/><\/div>\n<\/div>\n<\/div>\n<\/div>\n<div>\n<div id=\"product-description\">\n<p><strong>Press\u00e3o eficiente para limpeza dom\u00e9stica:<\/strong>\u00a0a Lavadora de Alta Press\u00e3o Electrolux EasyWash oferece 1650 PSI para remover sujeiras com economia de \u00e1gua e alto desempenho.<\/p>\n<p><strong>Seguran\u00e7a e versatilidade:<\/strong>\u00a0o sistema Stop Total desliga o motor ao soltar o gatilho, evitando acidentes e economizando energia. O bico vario ajust\u00e1vel adapta o jato \u00e0 sua necessidade.<\/p>\n<p><strong>Alta performance com sustentabilidade:<\/strong>\u00a0com vaz\u00e3o de 280 litros por hora, economiza at\u00e9 80% de \u00e1gua. Fabricada com 50% de material reciclado, \u00e9 ideal para quem busca efici\u00eancia e consci\u00eancia ambiental.<\/p>\n<p><strong>Alcance e organiza\u00e7\u00e3o:<\/strong>\u00a0equipada com mangueira de 3 metros e cabo el\u00e9trico de 5 metros, permite limpar grandes \u00e1reas com praticidade. O porta acess\u00f3rios mant\u00e9m tudo organizado e seguro.<\/p>\n<\/div>\n<\/div>\n","protected":false},"excerpt":{"rendered":"<p>Press\u00e3o eficiente para limpeza dom\u00e9stica:\u00a0a Lavadora de Alta Press\u00e3o Electrolux EasyWash oferece 1650 PSI para remover sujeiras com economia de \u00e1gua e alto desempenho. Seguran\u00e7a e versatilidade:\u00a0o sistema Stop Total desliga o motor ao soltar o gatilho, evitando acidentes e economizando energia. O bico vario ajust\u00e1vel adapta o jato \u00e0 sua necessidade. Alta performance com [&hellip;]<\/p>\n","protected":false},"featured_media":2554,"comment_status":"open","ping_status":"closed","template":"","meta":[],"product_brand":[],"product_cat":[75,79],"product_tag":[],"class_list":{"0":"post-2548","1":"product","2":"type-product","3":"status-publish","4":"has-post-thumbnail","6":"product_cat-automotivo","7":"product_cat-utilidades-domestica","9":"first","10":"instock","11":"shipping-taxable","12":"purchasable","13":"product-type-simple"},"_links":{"self":[{"href":"https:\/\/plataformaprojetos.site\/loja1wagner\/wp-json\/wp\/v2\/product\/2548","targetHints":{"allow":["GET"]}}],"collection":[{"href":"https:\/\/plataformaprojetos.site\/loja1wagner\/wp-json\/wp\/v2\/product"}],"about":[{"href":"https:\/\/plataformaprojetos.site\/loja1wagner\/wp-json\/wp\/v2\/types\/product"}],"replies":[{"embeddable":true,"href":"https:\/\/plataformaprojetos.site\/loja1wagner\/wp-json\/wp\/v2\/comments?post=2548"}],"wp:featuredmedia":[{"embeddable":true,"href":"https:\/\/plataformaprojetos.site\/loja1wagner\/wp-json\/wp\/v2\/media\/2554"}],"wp:attachment":[{"href":"https:\/\/plataformaprojetos.site\/loja1wagner\/wp-json\/wp\/v2\/media?parent=2548"}],"wp:term":[{"taxonomy":"product_brand","embeddable":true,"href":"https:\/\/plataformaprojetos.site\/loja1wagner\/wp-json\/wp\/v2\/product_brand?post=2548"},{"taxonomy":"product_cat","embeddable":true,"href":"https:\/\/plataformaprojetos.site\/loja1wagner\/wp-json\/wp\/v2\/product_cat?post=2548"},{"taxonomy":"product_tag","embeddable":true,"href":"https:\/\/plataformaprojetos.site\/loja1wagner\/wp-json\/wp\/v2\/product_tag?post=2548"}],"curies":[{"name":"wp","href":"https:\/\/api.w.org\/{rel}","templated":true}]}}