{"id":2715,"date":"2025-11-10T18:53:39","date_gmt":"2025-11-10T21:53:39","guid":{"rendered":"https:\/\/plataformaprojetos.site\/loja1wagner\/?post_type=product&#038;p=2715"},"modified":"2025-11-10T18:53:39","modified_gmt":"2025-11-10T21:53:39","slug":"escova-secadora-britania-bes24p-compact-infrared-1300w-bivolt","status":"publish","type":"product","link":"https:\/\/plataformaprojetos.site\/loja1wagner\/produto\/escova-secadora-britania-bes24p-compact-infrared-1300w-bivolt\/","title":{"rendered":"Escova Secadora Brit\u00e2nia BES24P Compact Infrared 1300W &#8211; Bivolt"},"content":{"rendered":"<p>Compacta e perfeita para voc\u00ea deixar seus cabelos perfeitos onde for. A Escova Secadora Brit\u00e2nia BES24P conta com o poder dos \u00edon negativos, que eliminam a est\u00e1tica gerando maciez e eliminando o frizz, mantendo a umidade natural dos fios. Perfeita para todos os tipos de cabelos. Seu revestimento em cer\u00e2mica permite um maior alcance de altas temperaturas de forma mais r\u00e1pida! E conta com uma eficiente abertura de ventila\u00e7\u00e3o, que resulta em uma maior abertura para a passagem de calor, proporcionando uma secagem mais r\u00e1pida e eficaz. A tecnologia Infrared ajuda para a evitar danos aos fios, ressecamento excessivo, antifrizz e sela as cut\u00edculas capilares.<\/p>\n<p>\u2022 1300W de pot\u00eancia;<br \/>\n\u2022 Produto bivolt;<br \/>\n\u2022 3 temperaturas;<br \/>\n\u2022 2 velocidades;<br \/>\n\u2022 Cord\u00e3o el\u00e9trico girat\u00f3rio;<br \/>\n\u2022 Tourmaline ion;<br \/>\n\u2022 Luz infrared;<br \/>\n\u2022 Tamanho compacto;<br \/>\n\u2022 Cord\u00e3o el\u00e9trico com 1,80m;<br \/>\n\u2022 Garantia de 1 ano;<\/p>\n","protected":false},"excerpt":{"rendered":"<p>Compacta e perfeita para voc\u00ea deixar seus cabelos perfeitos onde for. A Escova Secadora Brit\u00e2nia BES24P conta com o poder dos \u00edon negativos, que eliminam a est\u00e1tica gerando maciez e eliminando o frizz, mantendo a umidade natural dos fios. Perfeita para todos os tipos de cabelos. Seu revestimento em cer\u00e2mica permite um maior alcance de [&hellip;]<\/p>\n","protected":false},"featured_media":2716,"comment_status":"open","ping_status":"closed","template":"","meta":[],"product_brand":[],"product_cat":[77],"product_tag":[],"class_list":{"0":"post-2715","1":"product","2":"type-product","3":"status-publish","4":"has-post-thumbnail","6":"product_cat-beleza-e-saude","8":"first","9":"instock","10":"shipping-taxable","11":"purchasable","12":"product-type-simple"},"_links":{"self":[{"href":"https:\/\/plataformaprojetos.site\/loja1wagner\/wp-json\/wp\/v2\/product\/2715","targetHints":{"allow":["GET"]}}],"collection":[{"href":"https:\/\/plataformaprojetos.site\/loja1wagner\/wp-json\/wp\/v2\/product"}],"about":[{"href":"https:\/\/plataformaprojetos.site\/loja1wagner\/wp-json\/wp\/v2\/types\/product"}],"replies":[{"embeddable":true,"href":"https:\/\/plataformaprojetos.site\/loja1wagner\/wp-json\/wp\/v2\/comments?post=2715"}],"wp:featuredmedia":[{"embeddable":true,"href":"https:\/\/plataformaprojetos.site\/loja1wagner\/wp-json\/wp\/v2\/media\/2716"}],"wp:attachment":[{"href":"https:\/\/plataformaprojetos.site\/loja1wagner\/wp-json\/wp\/v2\/media?parent=2715"}],"wp:term":[{"taxonomy":"product_brand","embeddable":true,"href":"https:\/\/plataformaprojetos.site\/loja1wagner\/wp-json\/wp\/v2\/product_brand?post=2715"},{"taxonomy":"product_cat","embeddable":true,"href":"https:\/\/plataformaprojetos.site\/loja1wagner\/wp-json\/wp\/v2\/product_cat?post=2715"},{"taxonomy":"product_tag","embeddable":true,"href":"https:\/\/plataformaprojetos.site\/loja1wagner\/wp-json\/wp\/v2\/product_tag?post=2715"}],"curies":[{"name":"wp","href":"https:\/\/api.w.org\/{rel}","templated":true}]}}