{"id":2745,"date":"2025-11-10T19:33:10","date_gmt":"2025-11-10T22:33:10","guid":{"rendered":"https:\/\/plataformaprojetos.site\/loja1wagner\/?post_type=product&#038;p=2745"},"modified":"2025-12-15T13:31:20","modified_gmt":"2025-12-15T16:31:20","slug":"liquidificador-philips-walita-daily-ri2110-550w-com-2-velocidades-preto-220v","status":"publish","type":"product","link":"https:\/\/plataformaprojetos.site\/loja1wagner\/produto\/liquidificador-philips-walita-daily-ri2110-550w-com-2-velocidades-preto-220v\/","title":{"rendered":"Liquidificador Philips Walita Daily RI2110 550W com 2 Velocidades &#8211; Preto &#8211; 220V"},"content":{"rendered":"<div id=\"product-special-content-partner\" data-testid=\"product-special-content\">\n<div class=\"css-1n35da2\" data-component=\"special-content\" data-version=\"1.0.1-2\">\n<div class=\"css-1wb3f7s\">\n<div class=\"css-gbwsnk\"><img decoding=\"async\" src=\"https:\/\/imgs.via.com.br\/special-contents\/22ccb57f-e005-419c-adad-18f5bc45b901\/5676d510-140f-4ca3-9ddb-ef764fd66a88.jpg\" alt=\"Liquidificador Philips Walita Daily RI2110\" \/><\/div>\n<div class=\"css-qk8zzo\">\n<div>\n<h2 class=\"ql-align-justify\"><strong>Liquidificador Daily RI2110 Philips Walita<\/strong><\/h2>\n<p class=\"ql-align-justify\">Precisando de um\u00a0<a href=\"https:\/\/www.casasbahia.com.br\/liquidificador\/b?&amp;utm_source=paginaespecial&amp;utm_medium=casasbahia&amp;utm_campaign=liquidificador\" target=\"_blank\" rel=\"noopener noreferrer\">liquidificador<\/a>\u00a0que ajude no preparo de diversos tipos de receitas? O\u00a0<strong>Philips Walita Daily RI2110\u00a0<\/strong>\u00e9 a op\u00e7\u00e3o ideal. Eficiente, ele conta com pot\u00eancia de 550W e copo de pl\u00e1stico super-resistente de 2 litros, com abertura na tampa para colocar ingredientes, sendo perfeito para fazer sucos, misturas, massas de bolo, sopas e muito mais.<\/p>\n<\/div>\n<\/div>\n<div class=\"css-gbwsnk\"><img decoding=\"async\" src=\"https:\/\/imgs.via.com.br\/special-contents\/22ccb57f-e005-419c-adad-18f5bc45b901\/111c6837-4066-457e-aa47-08cb473fdd64.jpg\" alt=\"Liquidificador Philips Walita Daily RI2110 550W\" \/><\/div>\n<div class=\"css-qk8zzo\">\n<div>\n<h3 class=\"ql-align-justify\"><strong>2 velocidades + fun\u00e7\u00e3o pulsar<\/strong><\/h3>\n<p class=\"ql-align-justify\">Os\u00a0<strong>550W de pot\u00eancia<\/strong>\u00a0do Phillips Walita Daily proporcionam alto desempenho com economia de energia. E, para empreg\u00e1-la, o aparelho conta com<strong>\u00a0<\/strong>2 velocidades, facilitando o preparo de ingredientes r\u00edgidos e macios. Al\u00e9m disso, ele possui a fun\u00e7\u00e3o pulsar, que ajuda a triturar gelo e fazer a limpeza autom\u00e1tica.<\/p>\n<\/div>\n<\/div>\n<div class=\"css-gbwsnk\"><img decoding=\"async\" src=\"https:\/\/imgs.via.com.br\/special-contents\/22ccb57f-e005-419c-adad-18f5bc45b901\/71f9f59e-11ab-4ebe-aba6-98a15c9a0b2a.jpg\" alt=\"Liquidificador Philips Walita Daily RI2110 resist\u00eancia\" \/><\/div>\n<div class=\"css-qk8zzo\">\n<div>\n<h3 class=\"ql-align-justify\"><strong>ProBlend 4<\/strong><\/h3>\n<p>Com esse\u00a0<a href=\"https:\/\/www.casasbahia.com.br\/liquidificador-philips-walita\/b?&amp;utm_source=paginaespecial&amp;utm_medium=casasbahia&amp;utm_campaign=liquidificador\" target=\"_blank\" rel=\"noopener noreferrer\"><u>liquidificador da Philips Walita<\/u><\/a>\u00a0tudo fica mais f\u00e1cil, gra\u00e7as \u00e0 tecnologia ProBlend 4, que \u00e9 uma\u00a0<strong>l\u00e2mina em formato de estrela de 4 pontas<\/strong>, para processar e misturar com efic\u00e1cia. E, para completar, o bico extragrande do copo garante um escoamento f\u00e1cil da mistura.<\/p>\n<\/div>\n<\/div>\n<\/div>\n<\/div>\n<\/div>\n<div>\n<div id=\"product-description\">A Philips Walita desenvolveu uma tecnologia exclusiva para a linha de liquidificadores a Tecnologia Problend 4, a combina\u00e7\u00e3o de l\u00e2minas de quatro pontas com design inovador, que ajudam a misturar e triturar os ingredientes, ideal para de molhos, sopas, caldos, panquecas, pudins, vitaminas e muito mais.<\/p>\n<p>S\u00e3o duas velocidades, Fun\u00e7\u00e3o Pulsar e 550W de pot\u00eancia, que garantem \u00f3timo resultado para diferentes tipos de receitas. Com a Fun\u00e7\u00e3o Crush, que tritura gelo, perfeito para drinks e smoothies feitos com seus ingredientes preferidos.<\/p>\n<p>A abertura exclusiva da tampa \u00e9 indicada para adicionar ingredientes, como \u00f3leo, e aos poucos fazer a maionese perfeita com a Fun\u00e7\u00e3o Maionese. Saia da rotina e crie novas receitas com a praticidade do Liquidificador Philips Walita Daily RI2110.<\/p><\/div>\n<\/div>\n","protected":false},"excerpt":{"rendered":"<p>Liquidificador Daily RI2110 Philips Walita Precisando de um\u00a0liquidificador\u00a0que ajude no preparo de diversos tipos de receitas? O\u00a0Philips Walita Daily RI2110\u00a0\u00e9 a op\u00e7\u00e3o ideal. Eficiente, ele conta com pot\u00eancia de 550W e copo de pl\u00e1stico super-resistente de 2 litros, com abertura na tampa para colocar ingredientes, sendo perfeito para fazer sucos, misturas, massas de bolo, sopas [&hellip;]<\/p>\n","protected":false},"featured_media":2746,"comment_status":"open","ping_status":"closed","template":"","meta":[],"product_brand":[],"product_cat":[72,79],"product_tag":[],"class_list":{"0":"post-2745","1":"product","2":"type-product","3":"status-publish","4":"has-post-thumbnail","6":"product_cat-eletroportateis","7":"product_cat-utilidades-domestica","9":"first","10":"instock","11":"shipping-taxable","12":"purchasable","13":"product-type-simple"},"_links":{"self":[{"href":"https:\/\/plataformaprojetos.site\/loja1wagner\/wp-json\/wp\/v2\/product\/2745","targetHints":{"allow":["GET"]}}],"collection":[{"href":"https:\/\/plataformaprojetos.site\/loja1wagner\/wp-json\/wp\/v2\/product"}],"about":[{"href":"https:\/\/plataformaprojetos.site\/loja1wagner\/wp-json\/wp\/v2\/types\/product"}],"replies":[{"embeddable":true,"href":"https:\/\/plataformaprojetos.site\/loja1wagner\/wp-json\/wp\/v2\/comments?post=2745"}],"wp:featuredmedia":[{"embeddable":true,"href":"https:\/\/plataformaprojetos.site\/loja1wagner\/wp-json\/wp\/v2\/media\/2746"}],"wp:attachment":[{"href":"https:\/\/plataformaprojetos.site\/loja1wagner\/wp-json\/wp\/v2\/media?parent=2745"}],"wp:term":[{"taxonomy":"product_brand","embeddable":true,"href":"https:\/\/plataformaprojetos.site\/loja1wagner\/wp-json\/wp\/v2\/product_brand?post=2745"},{"taxonomy":"product_cat","embeddable":true,"href":"https:\/\/plataformaprojetos.site\/loja1wagner\/wp-json\/wp\/v2\/product_cat?post=2745"},{"taxonomy":"product_tag","embeddable":true,"href":"https:\/\/plataformaprojetos.site\/loja1wagner\/wp-json\/wp\/v2\/product_tag?post=2745"}],"curies":[{"name":"wp","href":"https:\/\/api.w.org\/{rel}","templated":true}]}}