{"id":2751,"date":"2025-11-10T19:44:10","date_gmt":"2025-11-10T22:44:10","guid":{"rendered":"https:\/\/plataformaprojetos.site\/loja1wagner\/?post_type=product&#038;p=2751"},"modified":"2025-11-10T19:44:10","modified_gmt":"2025-11-10T22:44:10","slug":"micro-ondas-britania-bmo28-com-funcao-timer-e-descongelar-25l-110v","status":"publish","type":"product","link":"https:\/\/plataformaprojetos.site\/loja1wagner\/produto\/micro-ondas-britania-bmo28-com-funcao-timer-e-descongelar-25l-110v\/","title":{"rendered":"Micro-ondas Brit\u00e2nia BMO28 com Fun\u00e7\u00e3o Timer e Descongelar \u2013 25L &#8211; 110V"},"content":{"rendered":"<p>Design Compacto, Pot\u00eancia Incr\u00edvel<br \/>\nCom capacidade de 25 litros e pot\u00eancia de 1100W, este micro-ondas compacto \u00e9 perfeito para qualquer cozinha. Al\u00e9m disso, com classifica\u00e7\u00e3o energ\u00e9tica A, voc\u00ea economiza energia enquanto cozinha com praticidade.<\/p>\n<p>Versatilidade e Conveni\u00eancia<br \/>\nCom apenas um clique, este micro-ondas oferece praticidade incompar\u00e1vel. Com fun\u00e7\u00f5es como +30 segundos, 6 receitas pr\u00e9-programadas que s\u00e3o: Brigadeiro, pipoca, lasanha, pizza, bolo de caneca, menu fit e Fun\u00e7\u00e3o descongelar, voc\u00ea pode preparar uma variedade de pratos com facilidade. Ideal para quem busca refei\u00e7\u00f5es r\u00e1pidas e saborosas.<\/p>\n<p>Controle Total com Fun\u00e7\u00e3o Timer<br \/>\nDesfrute do controle total sobre suas refei\u00e7\u00f5es com a fun\u00e7\u00e3o Timer e o desligamento autom\u00e1tico deste micro-ondas. Com um display digital intuitivo, voc\u00ea pode programar o tempo de cozimento exato para cada prato, garantindo resultados perfeitos.<\/p>\n<p>Estilo e Facilidade de Limpeza<br \/>\nAl\u00e9m de seu desempenho excepcional, este micro-ondas apresenta um design moderno com porta espelhada e pintura Limpa F\u00e1cil, que facilita a limpeza ap\u00f3s o uso. Adicione um toque de eleg\u00e2ncia \u00e0 sua cozinha enquanto desfruta da praticidade deste micro-ondas vers\u00e1til e eficiente.<\/p>\n","protected":false},"excerpt":{"rendered":"<p>Design Compacto, Pot\u00eancia Incr\u00edvel Com capacidade de 25 litros e pot\u00eancia de 1100W, este micro-ondas compacto \u00e9 perfeito para qualquer cozinha. Al\u00e9m disso, com classifica\u00e7\u00e3o energ\u00e9tica A, voc\u00ea economiza energia enquanto cozinha com praticidade. Versatilidade e Conveni\u00eancia Com apenas um clique, este micro-ondas oferece praticidade incompar\u00e1vel. Com fun\u00e7\u00f5es como +30 segundos, 6 receitas pr\u00e9-programadas que [&hellip;]<\/p>\n","protected":false},"featured_media":2756,"comment_status":"open","ping_status":"closed","template":"","meta":[],"product_brand":[],"product_cat":[69,79],"product_tag":[],"class_list":{"0":"post-2751","1":"product","2":"type-product","3":"status-publish","4":"has-post-thumbnail","6":"product_cat-eletrodomesticos","7":"product_cat-utilidades-domestica","9":"first","10":"instock","11":"shipping-taxable","12":"purchasable","13":"product-type-simple"},"_links":{"self":[{"href":"https:\/\/plataformaprojetos.site\/loja1wagner\/wp-json\/wp\/v2\/product\/2751","targetHints":{"allow":["GET"]}}],"collection":[{"href":"https:\/\/plataformaprojetos.site\/loja1wagner\/wp-json\/wp\/v2\/product"}],"about":[{"href":"https:\/\/plataformaprojetos.site\/loja1wagner\/wp-json\/wp\/v2\/types\/product"}],"replies":[{"embeddable":true,"href":"https:\/\/plataformaprojetos.site\/loja1wagner\/wp-json\/wp\/v2\/comments?post=2751"}],"wp:featuredmedia":[{"embeddable":true,"href":"https:\/\/plataformaprojetos.site\/loja1wagner\/wp-json\/wp\/v2\/media\/2756"}],"wp:attachment":[{"href":"https:\/\/plataformaprojetos.site\/loja1wagner\/wp-json\/wp\/v2\/media?parent=2751"}],"wp:term":[{"taxonomy":"product_brand","embeddable":true,"href":"https:\/\/plataformaprojetos.site\/loja1wagner\/wp-json\/wp\/v2\/product_brand?post=2751"},{"taxonomy":"product_cat","embeddable":true,"href":"https:\/\/plataformaprojetos.site\/loja1wagner\/wp-json\/wp\/v2\/product_cat?post=2751"},{"taxonomy":"product_tag","embeddable":true,"href":"https:\/\/plataformaprojetos.site\/loja1wagner\/wp-json\/wp\/v2\/product_tag?post=2751"}],"curies":[{"name":"wp","href":"https:\/\/api.w.org\/{rel}","templated":true}]}}