{"id":2897,"date":"2025-11-13T14:42:07","date_gmt":"2025-11-13T17:42:07","guid":{"rendered":"https:\/\/plataformaprojetos.site\/loja1wagner\/?post_type=product&#038;p=2897"},"modified":"2025-12-15T13:26:22","modified_gmt":"2025-12-15T16:26:22","slug":"micro-ondas-electrolux-preto-23l-efficient-me23p-220v","status":"publish","type":"product","link":"https:\/\/plataformaprojetos.site\/loja1wagner\/produto\/micro-ondas-electrolux-preto-23l-efficient-me23p-220v\/","title":{"rendered":"Micro-ondas Electrolux Preto 23L Efficient (ME23P) &#8211; 220V"},"content":{"rendered":"<p>O Micro-ondas Electrolux Preto 23L Efficient (ME23P) \u00e9 pensado para facilitar sua rotina na cozinha. Ele conta com a tecnologia de Descongelamento Assistido da Electrolux para alcan\u00e7ar resultados mais uniformes ao descongelar os ingredientes, avisando no painel o momento certo de virar ou mexer os alimentos.<\/p>\n<p>Seu painel inteligente, com ajustes autom\u00e1ticos de pot\u00eancia, disponibiliza quatro modos de preparo diferentes e funcionais para tornar sua rotina mais pr\u00e1tica: derreter; desidratar; cozinhar r\u00e1pido e cozinhar delicado.<\/p>\n<p>Acione a Fun\u00e7\u00e3o Desidratar para fazer chips de frutas ou vegetais, al\u00e9m de desidratar ervas para conserv\u00e1-las por mais tempo. Selecione a Fun\u00e7\u00e3o Cozinhar Delicado se quiser preparar alimentos macios, como peixes e alguns tipos de vegetais. Para vegetais mais duros e carne bovina, utilize a Fun\u00e7\u00e3o Cozinhar R\u00e1pido.<\/p>\n<p>O Micro-ondas Electrolux possui a Fun\u00e7\u00e3o Manter Aquecido, que conserva suas receitas rec\u00e9m preparadas quentes e deliciosas at\u00e9 o consumo. A fun\u00e7\u00e3o Tira Odor \u00e9 ideal para manter seu produto livre de poss\u00edveis odores dos preparos anteriores gra\u00e7as ao sistema de recircula\u00e7\u00e3o do ar interno.<\/p>\n<p>Econ\u00f4mico para o dia a dia<br \/>\nAl\u00e9m de contar com a fun\u00e7\u00e3o Economia de Energia, que desliga o display quando o micro-ondas n\u00e3o est\u00e1 em uso, oferece efici\u00eancia energ\u00e9tica A.<\/p>\n<p>Descongelamento assistido<br \/>\nCom aviso sonoro e luminoso, o micro-ondas orienta quando virar ou mexer os alimentos, para que voc\u00ea tenha um resultado mais uniforme.<\/p>\n<p>Fun\u00e7\u00e3o Mudo<br \/>\nConfigure seu micro-ondas para n\u00e3o emitir som durante o uso e mantenha o ambiente silencioso sempre que quiser.<\/p>\n<p>Fun\u00e7\u00e3o Trava Paine<br \/>\nGarante que o painel n\u00e3o seja acionado ou alterado indevidamente por crian\u00e7as, por exemplo, e impede que os comandos sejam acionados durante a limpeza do painel.<\/p>\n<p>Fun\u00e7\u00e3o Manter Aquecido<br \/>\nGarante que seu prato fique aquecido at\u00e9 a hora do consumo para voc\u00ea aproveitar o melhor de cada refei\u00e7\u00e3o.<\/p>\n<p>Novos modos de preparo<br \/>\nO inovador painel inteligente com ajustes autom\u00e1ticos de pot\u00eancia facilita sua rotina na cozinha com as fun\u00e7\u00f5es Derreter, Desidratar, Cozinhar R\u00e1pido e Cozinhar Delicado.<\/p>\n<p>Fun\u00e7\u00e3o Tira Odor<br \/>\nO sistema de recircula\u00e7\u00e3o do ar interior suaviza os odores deixados por preparos anteriores e mant\u00e9m o micro-ondas sempre pronto para a pr\u00f3xima receita.<\/p>\n<p>Quatro Receitas Pr\u00e9-Programadas<br \/>\nOferece a facilidade que sua rotina merece. Com apenas um toque, fa\u00e7a pratos conhecidos: lasanha, arroz, brigadeiro e pipoca.<\/p>\n<p>23L de capacidade<br \/>\nSe encaixa bem no espa\u00e7o de qualquer cozinha e oferece o tamanho ideal para suas receitas.<\/p>\n<p>QR Code<br \/>\nVoc\u00ea pode acessar mais detalhes sobre os benef\u00edcios do seu produto na palma de sua m\u00e3o.<\/p>\n","protected":false},"excerpt":{"rendered":"<p>O Micro-ondas Electrolux Preto 23L Efficient (ME23P) \u00e9 pensado para facilitar sua rotina na cozinha. Ele conta com a tecnologia de Descongelamento Assistido da Electrolux para alcan\u00e7ar resultados mais uniformes ao descongelar os ingredientes, avisando no painel o momento certo de virar ou mexer os alimentos. Seu painel inteligente, com ajustes autom\u00e1ticos de pot\u00eancia, disponibiliza [&hellip;]<\/p>\n","protected":false},"featured_media":2898,"comment_status":"open","ping_status":"closed","template":"","meta":[],"product_brand":[],"product_cat":[69,79],"product_tag":[],"class_list":{"0":"post-2897","1":"product","2":"type-product","3":"status-publish","4":"has-post-thumbnail","6":"product_cat-eletrodomesticos","7":"product_cat-utilidades-domestica","9":"first","10":"instock","11":"shipping-taxable","12":"purchasable","13":"product-type-simple"},"_links":{"self":[{"href":"https:\/\/plataformaprojetos.site\/loja1wagner\/wp-json\/wp\/v2\/product\/2897","targetHints":{"allow":["GET"]}}],"collection":[{"href":"https:\/\/plataformaprojetos.site\/loja1wagner\/wp-json\/wp\/v2\/product"}],"about":[{"href":"https:\/\/plataformaprojetos.site\/loja1wagner\/wp-json\/wp\/v2\/types\/product"}],"replies":[{"embeddable":true,"href":"https:\/\/plataformaprojetos.site\/loja1wagner\/wp-json\/wp\/v2\/comments?post=2897"}],"wp:featuredmedia":[{"embeddable":true,"href":"https:\/\/plataformaprojetos.site\/loja1wagner\/wp-json\/wp\/v2\/media\/2898"}],"wp:attachment":[{"href":"https:\/\/plataformaprojetos.site\/loja1wagner\/wp-json\/wp\/v2\/media?parent=2897"}],"wp:term":[{"taxonomy":"product_brand","embeddable":true,"href":"https:\/\/plataformaprojetos.site\/loja1wagner\/wp-json\/wp\/v2\/product_brand?post=2897"},{"taxonomy":"product_cat","embeddable":true,"href":"https:\/\/plataformaprojetos.site\/loja1wagner\/wp-json\/wp\/v2\/product_cat?post=2897"},{"taxonomy":"product_tag","embeddable":true,"href":"https:\/\/plataformaprojetos.site\/loja1wagner\/wp-json\/wp\/v2\/product_tag?post=2897"}],"curies":[{"name":"wp","href":"https:\/\/api.w.org\/{rel}","templated":true}]}}