{"id":3015,"date":"2025-11-13T18:13:03","date_gmt":"2025-11-13T21:13:03","guid":{"rendered":"https:\/\/plataformaprojetos.site\/loja1wagner\/?post_type=product&#038;p=3015"},"modified":"2025-11-18T09:15:22","modified_gmt":"2025-11-18T12:15:22","slug":"celular-samsung-galaxy-a56-5g-128gb-8gb-ram-camera-50mp-ip67-super-amoled-6-7-recursos-ai","status":"publish","type":"product","link":"https:\/\/plataformaprojetos.site\/loja1wagner\/produto\/celular-samsung-galaxy-a56-5g-128gb-8gb-ram-camera-50mp-ip67-super-amoled-6-7-recursos-ai\/","title":{"rendered":"Smartphone Samsung Galaxy A56 5G 128GB, 8GB RAM, C\u00e2mera 50MP, IP67, Super AMOLED 6.7&#8243;, Recursos AI"},"content":{"rendered":"<p>A Samsung apresenta o seu mais novo lan\u00e7amento, o Galaxy A56 5G. O celular feito para durar e atualizado por mais tempo, oferecendo uma experi\u00eancia duradoura e segura, assegurando at\u00e9 6 atualiza\u00e7\u00f5es de sistema operacional Android e at\u00e9 6 anos de atualiza\u00e7\u00f5es de Seguran\u00e7a. O modelo conta com prote\u00e7\u00e3o IP67, garantindo resist\u00eancia \u00e0 \u00e1gua e poeira.<br \/>\nA novo Galaxy A56 5G, se destaca ainda mais pelas suas fun\u00e7\u00f5es de AI, com uma intelig\u00eancia absurda, atrav\u00e9s do Circule para Pesquisar no Google e as fun\u00e7\u00f5es de edi\u00e7\u00e3o inteligente.<br \/>\nCapture os melhores momentos com uma c\u00e2mera tripla de alta resolu\u00e7\u00e3o, oferecendo selfies impressionantes e v\u00eddeos cristalinos. A C\u00e2mera Tripla de at\u00e9 50MP com recursos de AI e Nightography, assim como a Selfie de 12 MP com v\u00eddeo HDR, garantem diversas possibilidades para que as suas fotos fiquem incr\u00edveis.<br \/>\nCom Nightography, voc\u00ea n\u00e3o precisa se preocupar em tirar fotos e fazer v\u00eddeos em ambientes com pouca luz, pois ele permite a captura de imagens surpreendentes com cores vibrantes \u00e0 noite, gra\u00e7as aos pixels mais largos. A c\u00e2mera frontal com redu\u00e7\u00e3o de ru\u00eddo permite selfies super claras em qualquer tipo de ilumina\u00e7\u00e3o.<br \/>\nDesfrute dos recursos de intelig\u00eancia artificial para desenvolver conte\u00fados incr\u00edveis. O Corte Autom\u00e1tico permite edi\u00e7\u00f5es de v\u00eddeo r\u00e1pida com ajuda da AI para extrair as melhores cenas de v\u00e1rios v\u00eddeos. A fun\u00e7\u00e3o Melhor Rosto (Fotos em Movimento) garante que todas as pessoas nas fotos estejam em suas melhores poses com a ajuda da AI.<br \/>\nVoc\u00ea ainda pode criar seus pr\u00f3prios filtros com a AI, ajuste o contraste, satura\u00e7\u00e3o, temperatura e cor com v\u00e1rios estilos de filtro. O Apagador de Objetos melhorado com AI, traz sugest\u00f5es para remover elementos indesejados em suas fotos.<br \/>\nJ\u00e1 o Circule para Pesquisar no Google, permite que voc\u00ea busque, a qualquer momento, o que v\u00ea diretamente na tela do seu smartphone, incluindo a pesquisa atrav\u00e9s de sons. Circule para encontrar resultados instant\u00e2neos na ponta dos dedos, sem precisar abrir outros aplicativos.<br \/>\nPara os Gamers, experimente uma alta velocidade e desempenho de jogos com a c\u00e2mara de vapor maior e com o Exynos 1580 (4nm), um processador poderoso. O Galaxy A56 5G conta com armazenamento de at\u00e9 256GB e mem\u00f3ria RAM de at\u00e9 8GB.<br \/>\nDesfrute dos seus conte\u00fados favoritos atrav\u00e9s de uma tela maior, mais brilhante e imersiva de 6.7&#8243; Super AMOLED com Vision Booster. Assista seus conte\u00fados em cores realistas, acompanhe as redes sociais da melhor forma, mesmo sob a luz do sol, pois o Vision Booster preserva os detalhes, permite uma experi\u00eancia imersiva com as bordas mais finas e tela ainda maior.<br \/>\nO seu novo design, com acabamento minimalista e elegante permite um manuseio confort\u00e1vel. \u00c9 perfeito para entretenimento ininterrupto e desempenho suave. V\u00e1rias op\u00e7\u00f5es de mem\u00f3ria garantem que voc\u00ea nunca ficar\u00e1 sem espa\u00e7o!<br \/>\nO Galaxy A56 5G possui ainda 4 op\u00e7\u00f5es de cores para que possa escolher a que mais combina com voc\u00ea: Rosa, Verde, Cinza e Preto.<br \/>\nFique imerso nos seus conte\u00fados favoritos com uma tela gigante e \u00e1udio vibrante, aproveite o que mais ama com sons ricos e visuais incr\u00edveis com detalhes v\u00edvidos tendo uma incr\u00edvel experi\u00eancia com Dolby Atmos.<br \/>\nO Galaxy A56 5G \u00e9 o celular que permite que voc\u00ea esteja sempre conectado, tudo isso por conta da sua bateria de longa dura\u00e7\u00e3o de 5.000 mAh e um carregamento r\u00e1pido de at\u00e9 45W. Voc\u00ea pode assistir a conte\u00fados, realizar diversos downloads e utilizar o seu celular sem faltar energia.<\/p>\n","protected":false},"excerpt":{"rendered":"<p>A Samsung apresenta o seu mais novo lan\u00e7amento, o Galaxy A56 5G. O celular feito para durar e atualizado por mais tempo, oferecendo uma experi\u00eancia duradoura e segura, assegurando at\u00e9 6 atualiza\u00e7\u00f5es de sistema operacional Android e at\u00e9 6 anos de atualiza\u00e7\u00f5es de Seguran\u00e7a. O modelo conta com prote\u00e7\u00e3o IP67, garantindo resist\u00eancia \u00e0 \u00e1gua e [&hellip;]<\/p>\n","protected":false},"featured_media":3019,"comment_status":"open","ping_status":"closed","template":"","meta":[],"product_brand":[],"product_cat":[67],"product_tag":[],"class_list":{"0":"post-3015","1":"product","2":"type-product","3":"status-publish","4":"has-post-thumbnail","6":"product_cat-smartphones","8":"first","9":"instock","10":"shipping-taxable","11":"purchasable","12":"product-type-simple"},"_links":{"self":[{"href":"https:\/\/plataformaprojetos.site\/loja1wagner\/wp-json\/wp\/v2\/product\/3015","targetHints":{"allow":["GET"]}}],"collection":[{"href":"https:\/\/plataformaprojetos.site\/loja1wagner\/wp-json\/wp\/v2\/product"}],"about":[{"href":"https:\/\/plataformaprojetos.site\/loja1wagner\/wp-json\/wp\/v2\/types\/product"}],"replies":[{"embeddable":true,"href":"https:\/\/plataformaprojetos.site\/loja1wagner\/wp-json\/wp\/v2\/comments?post=3015"}],"wp:featuredmedia":[{"embeddable":true,"href":"https:\/\/plataformaprojetos.site\/loja1wagner\/wp-json\/wp\/v2\/media\/3019"}],"wp:attachment":[{"href":"https:\/\/plataformaprojetos.site\/loja1wagner\/wp-json\/wp\/v2\/media?parent=3015"}],"wp:term":[{"taxonomy":"product_brand","embeddable":true,"href":"https:\/\/plataformaprojetos.site\/loja1wagner\/wp-json\/wp\/v2\/product_brand?post=3015"},{"taxonomy":"product_cat","embeddable":true,"href":"https:\/\/plataformaprojetos.site\/loja1wagner\/wp-json\/wp\/v2\/product_cat?post=3015"},{"taxonomy":"product_tag","embeddable":true,"href":"https:\/\/plataformaprojetos.site\/loja1wagner\/wp-json\/wp\/v2\/product_tag?post=3015"}],"curies":[{"name":"wp","href":"https:\/\/api.w.org\/{rel}","templated":true}]}}