{"id":3031,"date":"2025-11-13T18:28:55","date_gmt":"2025-11-13T21:28:55","guid":{"rendered":"https:\/\/plataformaprojetos.site\/loja1wagner\/?post_type=product&#038;p=3031"},"modified":"2025-12-15T13:25:38","modified_gmt":"2025-12-15T16:25:38","slug":"celular-motorola-moto-g15-tela-6-7-256gb-4g-camera-50mp-grafite","status":"publish","type":"product","link":"https:\/\/plataformaprojetos.site\/loja1wagner\/produto\/celular-motorola-moto-g15-tela-6-7-256gb-4g-camera-50mp-grafite\/","title":{"rendered":"Smartphone Motorola Moto G15 Tela 6.7&#8243; 256GB 4G C\u00e2mera 50MP Grafite"},"content":{"rendered":"<div id=\"product-special-content-partner\" data-testid=\"product-special-content\">\n<div class=\"css-1n35da2\" data-component=\"special-content\" data-version=\"1.0.1-2\">\n<div class=\"css-1wb3f7s\">\n<div class=\"css-gbwsnk\"><img decoding=\"async\" src=\"https:\/\/imgs.via.com.br\/special-contents\/a78fa374-7948-4efc-8aa0-eb7efab785d3\/aaef1400-89bf-4ae1-bac8-98e6893d47d8.png\" alt=\"Smartphone Motorola Moto g15 Grafite 256GB\" \/><\/div>\n<div class=\"css-gbwsnk\"><img decoding=\"async\" src=\"https:\/\/imgs.via.com.br\/special-contents\/a78fa374-7948-4efc-8aa0-eb7efab785d3\/7ca95c41-3910-49a1-a5cf-95e1f8bf6ad2.png\" alt=\"Smartphone Motorola Moto g15 Grafite 256GB\" \/><\/div>\n<\/div>\n<\/div>\n<\/div>\n<div>\n<div id=\"product-description\">\n<p><strong>Descubra o poder e a resist\u00eancia do Smartphone Motorola Moto G15<\/strong>, o salto que faltava para transformar sua experi\u00eancia m\u00f3vel. Com display de 6,7\u201d protegido por Gorilla Glass 3 e acabamento em Vegan Leather, ele une\u00a0<strong>design sofisticado e estrutura robusta<\/strong>. A tecnologia Smart Water Touch garante usabilidade mesmo com as m\u00e3os molhadas.<\/p>\n<p><strong>Desempenho fluido e multitarefa sem travamentos<\/strong>\u00a0com 4GB de RAM + 8GB de RAM Boost e o potente processador Helio G81 Extreme Octa-Core de 2,0 GHz. Grave v\u00eddeos, jogue, navegue e edite com agilidade e estabilidade em tempo real.<\/p>\n<p><strong>Capture cada momento com qualidade profissional<\/strong>. A c\u00e2mera traseira com intelig\u00eancia artificial oferece recursos como Night Vision para fotos noturnas e C\u00e2mera Lenta para v\u00eddeos criativos. Registre tudo com nitidez e estilo.<\/p>\n<p><strong>Autonomia para o dia inteiro<\/strong>\u00a0com a bateria de 5.200mAh, que proporciona at\u00e9 40 horas de uso cont\u00ednuo. E quando precisar recarregar, o carregador TurboPower de 20W garante uma\u00a0<strong>recarga r\u00e1pida e eficiente<\/strong>.<\/p>\n<p><strong>Mais praticidade e seguran\u00e7a no seu dia a dia<\/strong>. Com gestos personalizados, voc\u00ea ativa fun\u00e7\u00f5es como c\u00e2mera, lanterna e modo silencioso com simples movimentos. O desbloqueio facial e o sensor de impress\u00e3o digital lateral oferecem prote\u00e7\u00e3o extra e acesso r\u00e1pido ao seu aparelho.<\/p>\n<p><strong>O Moto G15 \u00e9 a escolha ideal<\/strong>\u00a0para quem busca tecnologia, resist\u00eancia, desempenho e praticidade em um smartphone moderno e completo.<\/p>\n<\/div>\n<\/div>\n","protected":false},"excerpt":{"rendered":"<p>Descubra o poder e a resist\u00eancia do Smartphone Motorola Moto G15, o salto que faltava para transformar sua experi\u00eancia m\u00f3vel. Com display de 6,7\u201d protegido por Gorilla Glass 3 e acabamento em Vegan Leather, ele une\u00a0design sofisticado e estrutura robusta. A tecnologia Smart Water Touch garante usabilidade mesmo com as m\u00e3os molhadas. Desempenho fluido e [&hellip;]<\/p>\n","protected":false},"featured_media":3032,"comment_status":"open","ping_status":"closed","template":"","meta":[],"product_brand":[],"product_cat":[67],"product_tag":[],"class_list":{"0":"post-3031","1":"product","2":"type-product","3":"status-publish","4":"has-post-thumbnail","6":"product_cat-smartphones","8":"first","9":"instock","10":"shipping-taxable","11":"purchasable","12":"product-type-simple"},"_links":{"self":[{"href":"https:\/\/plataformaprojetos.site\/loja1wagner\/wp-json\/wp\/v2\/product\/3031","targetHints":{"allow":["GET"]}}],"collection":[{"href":"https:\/\/plataformaprojetos.site\/loja1wagner\/wp-json\/wp\/v2\/product"}],"about":[{"href":"https:\/\/plataformaprojetos.site\/loja1wagner\/wp-json\/wp\/v2\/types\/product"}],"replies":[{"embeddable":true,"href":"https:\/\/plataformaprojetos.site\/loja1wagner\/wp-json\/wp\/v2\/comments?post=3031"}],"wp:featuredmedia":[{"embeddable":true,"href":"https:\/\/plataformaprojetos.site\/loja1wagner\/wp-json\/wp\/v2\/media\/3032"}],"wp:attachment":[{"href":"https:\/\/plataformaprojetos.site\/loja1wagner\/wp-json\/wp\/v2\/media?parent=3031"}],"wp:term":[{"taxonomy":"product_brand","embeddable":true,"href":"https:\/\/plataformaprojetos.site\/loja1wagner\/wp-json\/wp\/v2\/product_brand?post=3031"},{"taxonomy":"product_cat","embeddable":true,"href":"https:\/\/plataformaprojetos.site\/loja1wagner\/wp-json\/wp\/v2\/product_cat?post=3031"},{"taxonomy":"product_tag","embeddable":true,"href":"https:\/\/plataformaprojetos.site\/loja1wagner\/wp-json\/wp\/v2\/product_tag?post=3031"}],"curies":[{"name":"wp","href":"https:\/\/api.w.org\/{rel}","templated":true}]}}