{"id":3052,"date":"2025-11-13T18:48:21","date_gmt":"2025-11-13T21:48:21","guid":{"rendered":"https:\/\/plataformaprojetos.site\/loja1wagner\/?post_type=product&#038;p=3052"},"modified":"2025-12-15T13:33:37","modified_gmt":"2025-12-15T16:33:37","slug":"apple-iphone-14-128gb-61-12mp-estelar","status":"publish","type":"product","link":"https:\/\/plataformaprojetos.site\/loja1wagner\/produto\/apple-iphone-14-128gb-61-12mp-estelar\/","title":{"rendered":"Apple iPhone 14 128GB 6,1&#8243; 12MP Estelar"},"content":{"rendered":"<div id=\"product-special-content-partner\" data-testid=\"product-special-content\">\n<div class=\"css-1n35da2\" data-component=\"special-content\" data-version=\"1.0.1-2\">\n<div class=\"css-1wb3f7s\">\n<div class=\"css-gbwsnk\"><img decoding=\"async\" src=\"https:\/\/imgs.via.com.br\/special-contents\/6145516e-d949-4c5c-9ad2-fb507221e3e5\/49d0b320-1e7d-429e-b862-947e72fd4430.jpg\" alt=\"iphone-14-apple\" \/><\/div>\n<div class=\"css-gbwsnk\"><img decoding=\"async\" src=\"https:\/\/imgs.via.com.br\/special-contents\/6145516e-d949-4c5c-9ad2-fb507221e3e5\/2cc660e8-c716-4be4-abcd-c77048dad582.jpg\" alt=\"iphone-14-apple\" \/><\/div>\n<div class=\"css-gbwsnk\"><img decoding=\"async\" src=\"https:\/\/imgs.via.com.br\/special-contents\/6145516e-d949-4c5c-9ad2-fb507221e3e5\/2145035a-f81f-4e80-8532-1940d0bb556b.jpg\" alt=\"iphone-14-apple\" \/><\/div>\n<div class=\"css-gbwsnk\"><img decoding=\"async\" src=\"https:\/\/imgs.via.com.br\/special-contents\/6145516e-d949-4c5c-9ad2-fb507221e3e5\/30e35e64-f581-46f5-9933-4ee2c3bc4c35.jpg\" alt=\"iphone-14-apple\" \/><\/div>\n<div class=\"css-gbwsnk\"><img decoding=\"async\" src=\"https:\/\/imgs.via.com.br\/special-contents\/6145516e-d949-4c5c-9ad2-fb507221e3e5\/948281f6-6a84-45fd-a848-6ce97321d5dd.jpg\" alt=\"iphone-14-apple\" \/><\/div>\n<div class=\"css-gbwsnk\"><img decoding=\"async\" src=\"https:\/\/imgs.via.com.br\/special-contents\/6145516e-d949-4c5c-9ad2-fb507221e3e5\/d27d33a2-ced4-4724-98d4-add477e62d39.jpg\" alt=\"iphone-14-apple\" \/><\/div>\n<div class=\"css-gbwsnk\"><img decoding=\"async\" src=\"https:\/\/imgs.via.com.br\/special-contents\/6145516e-d949-4c5c-9ad2-fb507221e3e5\/c7c97dc1-2c66-4767-9962-e7c51b00e699.jpg\" alt=\"iphone-14-apple\" \/><\/div>\n<div class=\"css-gbwsnk\"><img decoding=\"async\" src=\"https:\/\/imgs.via.com.br\/special-contents\/6145516e-d949-4c5c-9ad2-fb507221e3e5\/103b0c4d-188d-4bd8-adb0-2fe57570f5dd.jpg\" alt=\"iphone-14-apple\" \/><\/div>\n<div class=\"css-gbwsnk\"><img decoding=\"async\" src=\"https:\/\/imgs.via.com.br\/special-contents\/6145516e-d949-4c5c-9ad2-fb507221e3e5\/02c4dee1-4b05-4d23-979f-767f0d4a3706.jpg\" alt=\"iphone-14-apple\" \/><\/div>\n<div class=\"css-gbwsnk\"><img decoding=\"async\" src=\"https:\/\/imgs.via.com.br\/special-contents\/6145516e-d949-4c5c-9ad2-fb507221e3e5\/c73b1a10-264d-496b-bd43-dac21275a35e.jpg\" alt=\"iphone-14-apple\" \/><\/div>\n<\/div>\n<\/div>\n<\/div>\n<div>\n<div id=\"product-description\">\n<p><strong>Conhe\u00e7a o iPhone 14 de 128GB<\/strong>, o smartphone que redefine tecnologia, estilo e seguran\u00e7a. Com o poderoso chip A15 Bionic, voc\u00ea ter\u00e1 velocidade ultrarr\u00e1pida e desempenho superior em qualquer tarefa.<\/p>\n<p><strong>Fotografe e grave como nunca<\/strong>\u00a0com o sistema de c\u00e2meras avan\u00e7ado da Apple. O Photonic Engine melhora fotos em baixa luz, enquanto o Modo Cinema e o Modo A\u00e7\u00e3o garantem v\u00eddeos est\u00e1veis e com qualidade profissional.<\/p>\n<p><strong>Mais seguran\u00e7a para o seu dia a dia<\/strong>: o iPhone 14 detecta acidentes graves e aciona ajuda automaticamente. Com bateria de longa dura\u00e7\u00e3o e prote\u00e7\u00e3o Ceramic Shield, ele est\u00e1 sempre pronto para qualquer desafio.<\/p>\n<p><strong>Armazenamento de 128GB<\/strong>\u00a0para guardar tudo o que importa: fotos, v\u00eddeos, apps e muito mais. O iPhone 14 \u00e9 mais que um celular \u2014 \u00e9 uma extens\u00e3o do seu estilo de vida conectado e criativo.<\/p>\n<p><strong>Escolha o iPhone 14<\/strong>\u00a0e mergulhe em uma experi\u00eancia premium, com tecnologia de ponta e funcionalidades que acompanham voc\u00ea em todos os momentos.<\/p>\n<\/div>\n<\/div>\n","protected":false},"excerpt":{"rendered":"<p>Conhe\u00e7a o iPhone 14 de 128GB, o smartphone que redefine tecnologia, estilo e seguran\u00e7a. Com o poderoso chip A15 Bionic, voc\u00ea ter\u00e1 velocidade ultrarr\u00e1pida e desempenho superior em qualquer tarefa. Fotografe e grave como nunca\u00a0com o sistema de c\u00e2meras avan\u00e7ado da Apple. O Photonic Engine melhora fotos em baixa luz, enquanto o Modo Cinema e [&hellip;]<\/p>\n","protected":false},"featured_media":3053,"comment_status":"open","ping_status":"closed","template":"","meta":[],"product_brand":[],"product_cat":[66],"product_tag":[],"class_list":{"0":"post-3052","1":"product","2":"type-product","3":"status-publish","4":"has-post-thumbnail","6":"product_cat-iphones","8":"first","9":"instock","10":"shipping-taxable","11":"purchasable","12":"product-type-simple"},"_links":{"self":[{"href":"https:\/\/plataformaprojetos.site\/loja1wagner\/wp-json\/wp\/v2\/product\/3052","targetHints":{"allow":["GET"]}}],"collection":[{"href":"https:\/\/plataformaprojetos.site\/loja1wagner\/wp-json\/wp\/v2\/product"}],"about":[{"href":"https:\/\/plataformaprojetos.site\/loja1wagner\/wp-json\/wp\/v2\/types\/product"}],"replies":[{"embeddable":true,"href":"https:\/\/plataformaprojetos.site\/loja1wagner\/wp-json\/wp\/v2\/comments?post=3052"}],"wp:featuredmedia":[{"embeddable":true,"href":"https:\/\/plataformaprojetos.site\/loja1wagner\/wp-json\/wp\/v2\/media\/3053"}],"wp:attachment":[{"href":"https:\/\/plataformaprojetos.site\/loja1wagner\/wp-json\/wp\/v2\/media?parent=3052"}],"wp:term":[{"taxonomy":"product_brand","embeddable":true,"href":"https:\/\/plataformaprojetos.site\/loja1wagner\/wp-json\/wp\/v2\/product_brand?post=3052"},{"taxonomy":"product_cat","embeddable":true,"href":"https:\/\/plataformaprojetos.site\/loja1wagner\/wp-json\/wp\/v2\/product_cat?post=3052"},{"taxonomy":"product_tag","embeddable":true,"href":"https:\/\/plataformaprojetos.site\/loja1wagner\/wp-json\/wp\/v2\/product_tag?post=3052"}],"curies":[{"name":"wp","href":"https:\/\/api.w.org\/{rel}","templated":true}]}}