{"id":3074,"date":"2025-11-13T19:08:50","date_gmt":"2025-11-13T22:08:50","guid":{"rendered":"https:\/\/plataformaprojetos.site\/loja1wagner\/?post_type=product&#038;p=3074"},"modified":"2025-11-13T19:08:50","modified_gmt":"2025-11-13T22:08:50","slug":"cafeteira-nescafe-dolce-gusto-mini-me-preta-110v","status":"publish","type":"product","link":"https:\/\/plataformaprojetos.site\/loja1wagner\/produto\/cafeteira-nescafe-dolce-gusto-mini-me-preta-110v\/","title":{"rendered":"Cafeteira Nescaf\u00e9 Dolce Gusto Mini Me Preta 110v"},"content":{"rendered":"<div id=\"product-special-content-partner\" data-testid=\"product-special-content\">\n<div class=\"css-1n35da2\" data-component=\"special-content\" data-version=\"1.0.1-2\">\n<div class=\"css-1wb3f7s\">\n<div class=\"css-gbwsnk\"><img decoding=\"async\" src=\"https:\/\/imgs.via.com.br\/special-contents\/76da9c77-83f0-49ea-a578-208cf792f531\/79b71290-89a1-4b8e-af30-148e0139de1c.png\" alt=\"Dolce Gusto Mini Me Preta\" \/><\/div>\n<div class=\"css-gbwsnk\"><img decoding=\"async\" src=\"https:\/\/imgs.via.com.br\/special-contents\/76da9c77-83f0-49ea-a578-208cf792f531\/617ca7fa-cafe-4a06-a625-4a01b94b0493.png\" alt=\"Dolce Gusto Mini Me Preta\" \/><\/div>\n<div class=\"css-gbwsnk\"><img decoding=\"async\" src=\"https:\/\/imgs.via.com.br\/special-contents\/76da9c77-83f0-49ea-a578-208cf792f531\/68a59791-3bc5-45bb-bc2d-a2459d9e1d6c.png\" alt=\"Dolce Gusto Mini Me Preta\" \/><\/div>\n<div class=\"css-gbwsnk\"><img decoding=\"async\" src=\"https:\/\/imgs.via.com.br\/special-contents\/76da9c77-83f0-49ea-a578-208cf792f531\/6538b735-d21a-4f36-b322-782dad3f201f.png\" alt=\"Dolce Gusto Mini Me Preta\" \/><\/div>\n<\/div>\n<\/div>\n<\/div>\n<div>\n<div id=\"product-description\">Transforme sua experi\u00eancia de caf\u00e9 com a cafeteira NESCAF\u00c9\u00ae Dolce Gusto Mini Me. Compacta e elegante, esta m\u00e1quina autom\u00e1tica \u00e9 perfeita para quem busca praticidade e qualidade de cafeteria em casa. Com 15 bar de press\u00e3o, ela garante caf\u00e9s cremosos e bebidas com sabor intenso, quentes ou frias. O modo Eco desliga automaticamente ap\u00f3s 5 minutos, tornando-a uma op\u00e7\u00e3o econ\u00f4mica e sustent\u00e1vel. Com um reservat\u00f3rio de 800 ml, \u00e9 ideal para o uso di\u00e1rio. Prepare seu caf\u00e9 espresso, cappuccino, latte, chocolate quente ou ch\u00e1 em segundos com a conveni\u00eancia dessa m\u00e1quina multibebidas.<br \/>\nDescubra a versatilidade do Sistema NESCAF\u00c9\u00ae Dolce Gusto. Com mais de 40 op\u00e7\u00f5es de bebidas em c\u00e1psulas, voc\u00ea pode desfrutar de um espresso encorpado, um latte cremoso ou um ch\u00e1 arom\u00e1tico, tudo no conforto do seu lar ou escrit\u00f3rio. Cada c\u00e1psula \u00e9 hermeticamente selada para preservar o frescor e o sabor, proporcionando uma experi\u00eancia premium a cada x\u00edcara. A Mini Me \u00e9 a solu\u00e7\u00e3o perfeita para quem deseja uma m\u00e1quina de caf\u00e9 que entregue variedade, conveni\u00eancia e qualidade profissional.<br \/>\nAproveite a praticidade e o design moderno da NESCAF\u00c9\u00ae Dolce Gusto Mini Me. Uma escolha inteligente para os amantes de caf\u00e9 que valorizam efici\u00eancia e estilo.<\/div>\n<\/div>\n","protected":false},"excerpt":{"rendered":"<p>Transforme sua experi\u00eancia de caf\u00e9 com a cafeteira NESCAF\u00c9\u00ae Dolce Gusto Mini Me. Compacta e elegante, esta m\u00e1quina autom\u00e1tica \u00e9 perfeita para quem busca praticidade e qualidade de cafeteria em casa. Com 15 bar de press\u00e3o, ela garante caf\u00e9s cremosos e bebidas com sabor intenso, quentes ou frias. O modo Eco desliga automaticamente ap\u00f3s 5 [&hellip;]<\/p>\n","protected":false},"featured_media":3080,"comment_status":"open","ping_status":"closed","template":"","meta":[],"product_brand":[],"product_cat":[72,79],"product_tag":[],"class_list":{"0":"post-3074","1":"product","2":"type-product","3":"status-publish","4":"has-post-thumbnail","6":"product_cat-eletroportateis","7":"product_cat-utilidades-domestica","9":"first","10":"instock","11":"shipping-taxable","12":"purchasable","13":"product-type-simple"},"_links":{"self":[{"href":"https:\/\/plataformaprojetos.site\/loja1wagner\/wp-json\/wp\/v2\/product\/3074","targetHints":{"allow":["GET"]}}],"collection":[{"href":"https:\/\/plataformaprojetos.site\/loja1wagner\/wp-json\/wp\/v2\/product"}],"about":[{"href":"https:\/\/plataformaprojetos.site\/loja1wagner\/wp-json\/wp\/v2\/types\/product"}],"replies":[{"embeddable":true,"href":"https:\/\/plataformaprojetos.site\/loja1wagner\/wp-json\/wp\/v2\/comments?post=3074"}],"wp:featuredmedia":[{"embeddable":true,"href":"https:\/\/plataformaprojetos.site\/loja1wagner\/wp-json\/wp\/v2\/media\/3080"}],"wp:attachment":[{"href":"https:\/\/plataformaprojetos.site\/loja1wagner\/wp-json\/wp\/v2\/media?parent=3074"}],"wp:term":[{"taxonomy":"product_brand","embeddable":true,"href":"https:\/\/plataformaprojetos.site\/loja1wagner\/wp-json\/wp\/v2\/product_brand?post=3074"},{"taxonomy":"product_cat","embeddable":true,"href":"https:\/\/plataformaprojetos.site\/loja1wagner\/wp-json\/wp\/v2\/product_cat?post=3074"},{"taxonomy":"product_tag","embeddable":true,"href":"https:\/\/plataformaprojetos.site\/loja1wagner\/wp-json\/wp\/v2\/product_tag?post=3074"}],"curies":[{"name":"wp","href":"https:\/\/api.w.org\/{rel}","templated":true}]}}