{"id":3265,"date":"2025-11-17T12:34:33","date_gmt":"2025-11-17T15:34:33","guid":{"rendered":"https:\/\/plataformaprojetos.site\/loja1wagner\/?post_type=product&#038;p=3265"},"modified":"2025-12-15T13:21:37","modified_gmt":"2025-12-15T16:21:37","slug":"lavadora-de-roupas-brastemp-bwk13a9-com-ciclo-tira-manchas-advanced-e-ciclo-antibolinha-cinza-platinum-13kg-110v","status":"publish","type":"product","link":"https:\/\/plataformaprojetos.site\/loja1wagner\/produto\/lavadora-de-roupas-brastemp-bwk13a9-com-ciclo-tira-manchas-advanced-e-ciclo-antibolinha-cinza-platinum-13kg-110v\/","title":{"rendered":"Lavadora de Roupas Brastemp BWK13A9 com Ciclo Tira Manchas Advanced e Ciclo Antibolinha Cinza Platinum &#8211; 13kg &#8211; 110V"},"content":{"rendered":"<div id=\"product-special-content-partner\" data-testid=\"product-special-content\">\n<div class=\"css-1n35da2\" data-component=\"special-content\" data-version=\"1.0.1-2\">\n<div class=\"css-1wb3f7s\">\n<div class=\"css-gbwsnk\"><img decoding=\"async\" src=\"https:\/\/imgs.via.com.br\/special-contents\/15096a05-b0cc-4b73-829d-9bdf1a61aceb\/4a4d6fa7-2109-42f4-b71b-f17beaa25818.jpg\" alt=\"Lavadora Brastemp 13Kg BWK13A9\" \/><\/div>\n<div class=\"css-qk8zzo\">\n<div>\n<h2><strong>Lavadora Brastemp 13Kg BWK13A9<\/strong><\/h2>\n<p>Vem c\u00e1! Sua m\u00e1quina de lavar roupas \u00e9 daquelas que faz um barulh\u00e3o e n\u00e3o tem nenhuma modernidade em suas fun\u00e7\u00f5es? Ent\u00e3o, est\u00e1 na hora de troc\u00e1-la pela Lavadora Brastemp BWK13A9. Com capacidade para 13kg, ela \u00e9 moderna e, al\u00e9m de lavar todos os tipos de roupa, ainda tem fun\u00e7\u00f5es que tratam com cuidado cada um dos tecidos. Ela tamb\u00e9m te faz economizar \u00e1gua, energia, produtos de limpeza e tempo. Confira mais:<\/p>\n<\/div>\n<\/div>\n<div class=\"css-gbwsnk\"><img decoding=\"async\" src=\"https:\/\/imgs.via.com.br\/special-contents\/15096a05-b0cc-4b73-829d-9bdf1a61aceb\/a5a902d1-c159-4b49-a08f-a066ffc5136b.jpg\" alt=\"Cesto com porta transparente\" \/><\/div>\n<div class=\"css-qk8zzo\">\n<div>\n<h3><strong>Tira Manchas e Antibolinhas<\/strong><\/h3>\n<p>Quem lava roupas sempre, sabe que as bolinhas nos tecidos e as manchas s\u00e3o os principais inimigos deste trabalho. Para acabar com isso de uma vez por todas, a BWK13A9 da Brastemp traz dois ciclos exclusivos: o\u00a0<strong>Tira Manchas Advanced<\/strong>, que remove mais de 40 tipos de manchas, e o Ciclo\u00a0<strong>Antibolinhas<\/strong>, que previne esse desgaste nas roupas, deixando-as com apar\u00eancia de novas por mais tempo.<\/p>\n<\/div>\n<\/div>\n<div class=\"css-gbwsnk\"><img decoding=\"async\" src=\"https:\/\/imgs.via.com.br\/special-contents\/15096a05-b0cc-4b73-829d-9bdf1a61aceb\/9b8ccd4a-ecb9-4147-b5f2-70733a192869.jpg\" alt=\"CICLO CORES DURADOURAS\" \/><\/div>\n<div class=\"css-qk8zzo\">\n<div>\n<h3><strong>Limpeza potencializada<\/strong><\/h3>\n<p>Para potencializar a limpeza das pe\u00e7as, esta\u00a0<a href=\"https:\/\/www.casasbahia.com.br\/lavadora-brastemp\/b?utm_source=paginaespecial&amp;utm_medium=casasbahia&amp;utm_campaign=eletrodomesticos\" target=\"_blank\" rel=\"noopener noreferrer\"><strong><u>m\u00e1quina de lavar da Brastemp<\/u><\/strong><\/a>\u00a0conta com mais de 10 programas que permitem lavar as roupas com todo o cuidado e efici\u00eancia. S\u00e3o fun\u00e7\u00f5es como o ciclo\u00a0<strong>Edredom<\/strong>,\u00a0<strong>Roupas Delicadas<\/strong>,\u00a0<strong>Enx\u00e1gue Antial\u00e9rgico, Cores Douradas,\u00a0<\/strong>entre outras que<strong>\u00a0<\/strong>est\u00e3o presentes para tornar a tarefa de lavar roupas mais f\u00e1cil.<\/p>\n<\/div>\n<\/div>\n<div class=\"css-gbwsnk\"><img decoding=\"async\" src=\"https:\/\/imgs.via.com.br\/special-contents\/15096a05-b0cc-4b73-829d-9bdf1a61aceb\/b1854e27-77a7-4b40-99a0-2cdf55e7154e.jpg\" alt=\"CICLO ROUPAS DELICADAS\" \/><\/div>\n<\/div>\n<\/div>\n<\/div>\n<div>\n<div id=\"product-description\">Voc\u00ea vai ganhar efici\u00eancia e praticidade na hora de lavar roupas com a M\u00e1quina de Lavar BWK13A9 da Brastemp!<br \/>\nA Lavadora BWK13A9 possui um design moderno e exclusivo que oferece uma alta performance atrav\u00e9s do Ciclo Tira-Manchas Advanced, que retira at\u00e9 as manchas mais dif\u00edceis.<br \/>\nA Lavadora BWK13A9 tamb\u00e9m garante o m\u00e1ximo cuidado com as suas roupas, pois possui o Ciclo Antibolinhas que evita o desgaste do tecido e mant\u00e9m suas roupas com apar\u00eancia de novas por mais tempo.<br \/>\nSeu cesto \u00e9 muito resistente e conta com a modernidade do acabamento inox no interior da lavadora.<br \/>\nE mais: a Lavadora BWK13A9 possui ciclo antial\u00e9rgico, etapas adicionais de enx\u00e1gue promovem a remo\u00e7\u00e3o de res\u00edduos de sab\u00e3o de forma mais eficiente, minimizando riscos de irrita\u00e7\u00e3o na pele.<br \/>\nIncr\u00edvel essa Lavadora BWK13A9 da Brastemp, n\u00e3o \u00e9 mesmo?<br \/>\nPor isso n\u00e3o perca mais tempo e adquira agora mesmo a sua, pois ela \u00e9 indispens\u00e1vel no seu dia a dia!<\/div>\n<\/div>\n","protected":false},"excerpt":{"rendered":"<p>Lavadora Brastemp 13Kg BWK13A9 Vem c\u00e1! Sua m\u00e1quina de lavar roupas \u00e9 daquelas que faz um barulh\u00e3o e n\u00e3o tem nenhuma modernidade em suas fun\u00e7\u00f5es? Ent\u00e3o, est\u00e1 na hora de troc\u00e1-la pela Lavadora Brastemp BWK13A9. Com capacidade para 13kg, ela \u00e9 moderna e, al\u00e9m de lavar todos os tipos de roupa, ainda tem fun\u00e7\u00f5es que [&hellip;]<\/p>\n","protected":false},"featured_media":3266,"comment_status":"open","ping_status":"closed","template":"","meta":[],"product_brand":[],"product_cat":[69,79],"product_tag":[],"class_list":{"0":"post-3265","1":"product","2":"type-product","3":"status-publish","4":"has-post-thumbnail","6":"product_cat-eletrodomesticos","7":"product_cat-utilidades-domestica","9":"first","10":"instock","11":"shipping-taxable","12":"purchasable","13":"product-type-simple"},"_links":{"self":[{"href":"https:\/\/plataformaprojetos.site\/loja1wagner\/wp-json\/wp\/v2\/product\/3265","targetHints":{"allow":["GET"]}}],"collection":[{"href":"https:\/\/plataformaprojetos.site\/loja1wagner\/wp-json\/wp\/v2\/product"}],"about":[{"href":"https:\/\/plataformaprojetos.site\/loja1wagner\/wp-json\/wp\/v2\/types\/product"}],"replies":[{"embeddable":true,"href":"https:\/\/plataformaprojetos.site\/loja1wagner\/wp-json\/wp\/v2\/comments?post=3265"}],"wp:featuredmedia":[{"embeddable":true,"href":"https:\/\/plataformaprojetos.site\/loja1wagner\/wp-json\/wp\/v2\/media\/3266"}],"wp:attachment":[{"href":"https:\/\/plataformaprojetos.site\/loja1wagner\/wp-json\/wp\/v2\/media?parent=3265"}],"wp:term":[{"taxonomy":"product_brand","embeddable":true,"href":"https:\/\/plataformaprojetos.site\/loja1wagner\/wp-json\/wp\/v2\/product_brand?post=3265"},{"taxonomy":"product_cat","embeddable":true,"href":"https:\/\/plataformaprojetos.site\/loja1wagner\/wp-json\/wp\/v2\/product_cat?post=3265"},{"taxonomy":"product_tag","embeddable":true,"href":"https:\/\/plataformaprojetos.site\/loja1wagner\/wp-json\/wp\/v2\/product_tag?post=3265"}],"curies":[{"name":"wp","href":"https:\/\/api.w.org\/{rel}","templated":true}]}}