{"id":3338,"date":"2025-11-17T13:58:24","date_gmt":"2025-11-17T16:58:24","guid":{"rendered":"https:\/\/plataformaprojetos.site\/loja1wagner\/?post_type=product&#038;p=3338"},"modified":"2025-12-15T13:20:42","modified_gmt":"2025-12-15T16:20:42","slug":"geladeira-consul-frost-free-duplex-451l-crm53fb-branca-110v","status":"publish","type":"product","link":"https:\/\/plataformaprojetos.site\/loja1wagner\/produto\/geladeira-consul-frost-free-duplex-451l-crm53fb-branca-110v\/","title":{"rendered":"Geladeira Consul Frost Free Duplex 451L CRM53FB Branca &#8211; 110V"},"content":{"rendered":"<p>A Geladeira Consul Frost Free Duplex 451L CRM53K Branca tem flexibilidade e capacidade de sobra para organizar tudo do seu jeito. Com o sistema Espa\u00e7o Flex, voc\u00ea ajusta os compartimentos da porta conforme suas necessidades, enquanto a Prateleira Flex no freezer permite tr\u00eas configura\u00e7\u00f5es diferentes de organiza\u00e7\u00e3o. Al\u00e9m disso, o Gavet\u00e3o Transparente mant\u00e9m frutas e legumes frescos e organizados. E para garantir ainda mais praticidade, o Filtro Antiodor elimina odores vendidos e evita o gosto de geladeira na \u00e1gua. Bem pr\u00e1tico, bem espa\u00e7oso, bem pensado para voc\u00ea!<\/p>\n<p>FILTRO ANTIODOR: Elimina odores indesej\u00e1veis e mant\u00e9m a \u00e1gua sempre fresca, sem aquele gosto de geladeira.<\/p>\n<p>GELO EXTRA: Armazene 2x mais gelo! O compartimento exclusivo permite guardar cubos prontos enquanto voc\u00ea prepara mais nas forminhas.<\/p>\n<p>ILUMINA\u00c7\u00c3O EM LED: Ilumina\u00e7\u00e3o moderna e econ\u00f4mica, garantindo melhor visualiza\u00e7\u00e3o dos alimentos de forma pr\u00e1tica e eficiente.<\/p>\n<p>GAVET\u00c3O TRANSPARENTE PARA FRUTAS E LEGUMES: Espa\u00e7o dedicado para armazenar alimentos frescos de forma organizada e sempre \u00e0 vista.<\/p>\n<p>FUN\u00c7\u00c3O TURBO: Acelera o resfriamento da geladeira sempre que precisar, ideal para momentos em que est\u00e1 muito cheio.<\/p>\n<p>ESPA\u00c7O FRIO: Compartimento especial para armazenar alimentos frescos que s\u00e3o desativados maior refrigera\u00e7\u00e3o e cuidado.<\/p>\n<p>G\u00c1S ECOL\u00d3GICO: Tecnologia sustent\u00e1vel que n\u00e3o agride o meio ambiente nem a camada de oz\u00f4nio.<\/p>\n<p>Caracter\u00edsticas B\u00e1sicas:<\/p>\n<p>Cor Predominante: Branco<br \/>\nTipo Degelo: Frost Free<br \/>\nCapacidade total liquida: 451L<br \/>\nN\u00famero de portas: 2<br \/>\nPosi\u00e7\u00e3o do freezer: Em cima<br \/>\nPainel de controle: Interno<br \/>\nPlugue e tomada: 10 A<br \/>\nClassifica\u00e7\u00e3o energ\u00e9tica: A+<br \/>\nN\u00edvel de ru\u00eddo (dBA): 42<br \/>\nCapacidade L\u00edquida Refrigerador (l): 353<br \/>\nCapacidade L\u00edquida Freezer (l): 98<\/p>\n<p>Especifica\u00e7\u00f5es El\u00e9tricas<br \/>\nConsumo aproximado de energia (kW\/ ano): 683<br \/>\nCorrente (amperagem) 127 v (a): 2.5<br \/>\nFrequ\u00eancia 127 v (hz): 60<br \/>\nCorrente (amperagem) 220 v (a): 1.25<br \/>\nFrequ\u00eancia 220 v (hz): 60<\/p>\n<p>Especifica\u00e7\u00f5es de controle de seguran\u00e7a<br \/>\nPainel de controle: Interno<br \/>\nTipo de controle do painel: Eletr\u00f4nico<br \/>\nControle de temperatura no refrigerador: Sim<br \/>\nFun\u00e7\u00e3o trava painel: N\u00e3o<br \/>\nN\u00famero de n\u00edveis de temperatura do refrigerador: 3<br \/>\nAviso de porta aberta: N\u00e3o<br \/>\nControle de temperatura no freezer: N\u00e3o<br \/>\nAviso troca filtro: N\u00e3o<\/p>\n<p>Especifica\u00e7\u00f5es do Refrigerador<br \/>\nPorta-ovos: Sim<br \/>\nPorta latas: N\u00e3o<br \/>\nN\u00famero de porta-ovos: 2<br \/>\nPorta-ovos remov\u00edvel: Sim<br \/>\nSeparador de garrafas: Sim<br \/>\nQuantidade de ovos no porta-ovos: 12<br \/>\nCompartimento extra frio: Sim<br \/>\nFiltro desodorizador: Sim<\/p>\n<p>Especifica\u00e7\u00f5es do Freezer<br \/>\nFun\u00e7\u00e3o turbo freezer: Geral<br \/>\nN\u00famero de formas de gelo: 2<br \/>\nCompartimento para gelo: Sim<br \/>\nDreno de degelo: Sim<\/p>\n<p>Especifica\u00e7\u00f5es das prateleiras e gavetas<br \/>\nN\u00famero de prateleiras, cestos e gavetas refrigerador: 1 prateleiras e 1 gavet\u00e3o<br \/>\nPrateleiras com regulagem de altura: Sim<br \/>\nN\u00famero de prateleiras, cestos e gavetas freezer: 2 prateleiras<br \/>\nN\u00famero de prateleiras com regulagem de altura: 2<br \/>\nPrateleiras, cestos e gavetas remov\u00edveis: Sim<\/p>\n<p>Ajustes<br \/>\nP\u00e9s ajust\u00e1veis: Sim<br \/>\nPorta revers\u00edvel : N\u00e3o<br \/>\nP\u00e9s: Sim<br \/>\nP\u00e9s com rod\u00edzios: N\u00e3o<\/p>\n<p>Ilumina\u00e7\u00e3o<br \/>\nTipo de ilumina\u00e7\u00e3o interna refrigerador: LED<br \/>\nTipo de ilumina\u00e7\u00e3o interna freezer: N\u00e3o aplic\u00e1vel<\/p>\n<p>Dimens\u00f5es do produto: Altura: 186,00cm; Largura: 70,20cm; Comprimento: 72,10cm; Peso: 76kg.<br \/>\nDimens\u00f5es do produto com embalagem: Altura: 190,50cm; Largura: 74,60cm; Comprimento: 74,80cm; Peso: 77kg.<\/p>\n<p>Aten\u00e7\u00e3o:<\/p>\n<p>1. Verifique a voltagem correta para o seu equipamento. Grande parte dos eletrodom\u00e9sticos no Brasil est\u00e1 dispon\u00edvel em duas voltagens: 110V ou 220V. Certifique-se qual a voltagem de sua resid\u00eancia e selecione o produto conforme essa especifica\u00e7\u00e3o.<\/p>\n<p>2. Devido \u00e0s normas da ABNT e \u00e0s resolu\u00e7\u00f5es n\u00ba 13 de 2006, n\u00ba 2 de 2007 e n\u00ba 8 de 2009 do CONMETRO, os fabricantes est\u00e3o mudando as tomadas para o novo padr\u00e3o. Para utilizar este produto, ser\u00e1 preciso adaptador ou a troca da tomada antiga. N\u00e3o nos responsabilizamos por esta altera\u00e7\u00e3o.<\/p>\n","protected":false},"excerpt":{"rendered":"<p>A Geladeira Consul Frost Free Duplex 451L CRM53K Branca tem flexibilidade e capacidade de sobra para organizar tudo do seu jeito. Com o sistema Espa\u00e7o Flex, voc\u00ea ajusta os compartimentos da porta conforme suas necessidades, enquanto a Prateleira Flex no freezer permite tr\u00eas configura\u00e7\u00f5es diferentes de organiza\u00e7\u00e3o. Al\u00e9m disso, o Gavet\u00e3o Transparente mant\u00e9m frutas e [&hellip;]<\/p>\n","protected":false},"featured_media":3340,"comment_status":"open","ping_status":"closed","template":"","meta":[],"product_brand":[],"product_cat":[69,79],"product_tag":[],"class_list":{"0":"post-3338","1":"product","2":"type-product","3":"status-publish","4":"has-post-thumbnail","6":"product_cat-eletrodomesticos","7":"product_cat-utilidades-domestica","9":"first","10":"instock","11":"shipping-taxable","12":"purchasable","13":"product-type-simple"},"_links":{"self":[{"href":"https:\/\/plataformaprojetos.site\/loja1wagner\/wp-json\/wp\/v2\/product\/3338","targetHints":{"allow":["GET"]}}],"collection":[{"href":"https:\/\/plataformaprojetos.site\/loja1wagner\/wp-json\/wp\/v2\/product"}],"about":[{"href":"https:\/\/plataformaprojetos.site\/loja1wagner\/wp-json\/wp\/v2\/types\/product"}],"replies":[{"embeddable":true,"href":"https:\/\/plataformaprojetos.site\/loja1wagner\/wp-json\/wp\/v2\/comments?post=3338"}],"wp:featuredmedia":[{"embeddable":true,"href":"https:\/\/plataformaprojetos.site\/loja1wagner\/wp-json\/wp\/v2\/media\/3340"}],"wp:attachment":[{"href":"https:\/\/plataformaprojetos.site\/loja1wagner\/wp-json\/wp\/v2\/media?parent=3338"}],"wp:term":[{"taxonomy":"product_brand","embeddable":true,"href":"https:\/\/plataformaprojetos.site\/loja1wagner\/wp-json\/wp\/v2\/product_brand?post=3338"},{"taxonomy":"product_cat","embeddable":true,"href":"https:\/\/plataformaprojetos.site\/loja1wagner\/wp-json\/wp\/v2\/product_cat?post=3338"},{"taxonomy":"product_tag","embeddable":true,"href":"https:\/\/plataformaprojetos.site\/loja1wagner\/wp-json\/wp\/v2\/product_tag?post=3338"}],"curies":[{"name":"wp","href":"https:\/\/api.w.org\/{rel}","templated":true}]}}